y 458?
454
Calculate the remainder when 124323 is divided by 156.
147
What is the remainder when 5130 is divided by 224?
202
What is the remainder when 19142 is divided by 44?
2
What is the remainder when 8507 is divided by 2770?
197
Calculate the remainder when 1437 is divided by 1434.
3
What is the remainder when 79846 is divided by 6?
4
What is the remainder when 2275 is divided by 195?
130
What is the remainder when 698 is divided by 31?
16
Calculate the remainder when 821459 is divided by 48320.
19
Calculate the remainder when 13276 is divided by 125.
26
What is the remainder when 1817 is divided by 48?
41
What is the remainder when 85524 is divided by 31?
26
Calculate the remainder when 14981 is divided by 7486.
9
What is the remainder when 2306720 is divided by 11?
9
What is the remainder when 45519 is divided by 8?
7
Calculate the remainder when 1333 is divided by 226.
203
What is the remainder when 122688 is divided by 21?
6
What is the remainder when 15366 is divided by 4941?
543
Calculate the remainder when 788500 is divided by 113.
99
Calculate the remainder when 29751 is divided by 47.
0
Calculate the remainder when 72682 is divided by 108.
106
What is the remainder when 2454 is divided by 26?
10
Calculate the remainder when 718277 is divided by 10.
7
What is the remainder when 429186 is divided by 1073?
1059
Calculate the remainder when 10413 is divided by 77.
18
What is the remainder when 41997 is divided by 3228?
33
Calculate the remainder when 715 is divided by 335.
45
Calculate the remainder when 276146 is divided by 526.
522
Calculate the remainder when 55036 is divided by 54961.
75
What is the remainder when 6368199 is divided by 680?
679
What is the remainder when 3061 is divided by 14?
9
What is the remainder when 17560 is divided by 110?
70
Calculate the remainder when 15237 is divided by 186.
171
Calculate the remainder when 18635 is divided by 9238.
159
What is the remainder when 84663 is divided by 53?
22
What is the remainder when 2383 is divided by 178?
69
What is the remainder when 6759 is divided by 958?
53
Calculate the remainder when 167211 is divided by 61.
10
Calculate the remainder when 1591 is divided by 84.
79
Calculate the remainder when 5181 is divided by 44.
33
What is the remainder when 1823 is divided by 1575?
248
Calculate the remainder when 82539 is divided by 134.
129
Calculate the remainder when 242468 is divided by 709.
699
Calculate the remainder when 13836 is divided by 133.
4
What is the remainder when 5469 is divided by 507?
399
What is the remainder when 3487 is divided by 350?
337
Calculate the remainder when 4825 is divided by 240.
25
Calculate the remainder when 503108 is divided by 774.
8
What is the remainder when 1630 is divided by 342?
262
What is the remainder when 180399 is divided by 3?
0
Calculate the remainder when 438983 is divided by 27435.
23
What is the remainder when 5331 is divided by 159?
84
What is the remainder when 4892 is divided by 105?
62
What is the remainder when 109600 is divided by 1107?
7
Calculate the remainder when 591825 is divided by 2.
1
What is the remainder when 235954 is divided by 340?
334
What is the remainder when 56038 is divided by 80?
38
Calculate the remainder when 42243 is divided by 3248.
19
Calculate the remainder when 77259 is divided by 1030.
9
Calculate the remainder when 20281 is divided by 4998.
289
What is the remainder when 201600 is divided by 123?
3
Calculate the remainder when 150432 is divided by 37605.
12
Calculate the remainder when 36003 is divided by 73.
14
Calculate the remainder when 47760 is divided by 392.
328
Calculate the remainder when 5039 is divided by 129.
8
Calculate the remainder when 1350 is divided by 266.
20
Calculate the remainder when 43226 is divided by 18.
8
What is the remainder when 257631 is divided by 678?
669
What is the remainder when 1253 is divided by 503?
247
What is the remainder when 11082 is divided by 291?
24
What is the remainder when 24861 is divided by 1147?
774
Calculate the remainder when 12771 is divided by 2553.
6
What is the remainder when 1911 is divided by 735?
441
What is the remainder when 13604 is divided by 331?
33
Calculate the remainder when 19713 is divided by 4857.
285
What is the remainder when 23982 is divided by 258?
246
Calculate the remainder when 299850 is divided by 99945.
15
What is the remainder when 1786 is divided by 10?
6
What is the remainder when 1537 is divided by 38?
17
Calculate the remainder when 5910 is divided by 846.
834
What is the remainder when 2228 is divided by 217?
58
Calculate the remainder when 1570 is divided by 521.
7
What is the remainder when 13121095 is divided by 11?
9
Calculate the remainder when 102341 is divided by 26.
5
What is the remainder when 10233 is divided by 7?
6
What is the remainder when 14673 is divided by 3667?
5
What is the remainder when 914 is divided by 54?
50
What is the remainder when 152170 is divided by 199?
134
What is the remainder when 135635 is divided by 21?
17
Calculate the remainder when 102088 is divided by 15.
13
What is the remainder when 365 is divided by 261?
104
What is the remainder when 371138 is divided by 38?
30
What is the remainder when 15746 is divided by 50?
46
Calculate the remainder when 8280 is divided by 1250.
780
Calculate the remainder when 1130 is divided by 686.
444
Calculate the remainder when 64911 is divided by 22.
11
What is the remainder when 5854 is divided by 1?
0
What is the remainder when 561045 is divided by 4?
1
Calculate the remainder when 22714 is divided by 12.
10
What is the remainder when 2688 is divided by 873?
69
What is the remainder when 2258 is divided by 78?
74
What is the remainder when 31639 is divided by 2876?
3
Calculate the remainder when 2796704 is divided by 932228.
20
Calculate the remainder when 43079 is divided by 130.
49
Calculate the remainder when 16517 is divided by 9.
2
Calculate the remainder when 1564 is divided by 70.
24
What is the remainder when 4431 is divided by 211?
0
Calculate the remainder when 2100509 is divided by 100.
9
Calculate the remainder when 51268 is divided by 51267.
1
Calculate the remainder when 12749 is divided by 4244.
17
Calculate the remainder when 151074 is divided by 358.
356
What is the remainder when 174251 is divided by 339?
5
Calculate the remainder when 1328 is divided by 18.
14
What is the remainder when 24128 is divided by 19?
17
What is the remainder when 79122 is divided by 1254?
120
Calculate the remainder when 5198 is divided by 1330.
1208
Calculate the remainder when 11543 is divided by 1424.
151
Calculate the remainder when 118955 is divided by 16.
11
Calculate the remainder when 1301486 is divided by 18.
14
Calculate the remainder when 18039 is divided by 1000.
39
Calculate the remainder when 3631 is divided by 335.
281
What is the remainder when 236434 is divided by 102?
100
Calculate the remainder when 297 is divided by 45.
27
What is the remainder when 20956 is divided by 91?
26
What is the remainder when 4040 is divided by 13?
10
Calculate the remainder when 2992073 is divided by 840.
833
Calculate the remainder when 1061611 is divided by 287.
285
What is the remainder when 865 is divided by 318?
229
Calculate the remainder when 4358 is divided by 243.
227
Calculate the remainder when 1220 is divided by 37.
36
Calculate the remainder when 205835 is divided by 6.
5
What is the remainder when 341672 is divided by 1113?
1094
Calculate the remainder when 4758 is divided by 17.
15
Calculate the remainder when 12108 is divided by 113.
17
Calculate the remainder when 5154 is divided by 8.
2
What is the remainder when 27175 is divided by 107?
104
Calculate the remainder when 4517 is divided by 4506.
11
What is the remainder when 3082 is divided by 611?
27
Calculate the remainder when 8801 is divided by 84.
65
What is the remainder when 144422 is divided by 20631?
5
What is the remainder when 259 is divided by 162?
97
Calculate the remainder when 15747 is divided by 350.
347
What is the remainder when 848247 is divided by 650?
647
What is the remainder when 214618 is divided by 372?
346
Calculate the remainder when 6744 is divided by 6735.
9
What is the remainder when 12932 is divided by 57?
50
What is the remainder 